{"id":19,"date":"2014-05-24T15:50:58","date_gmt":"2014-05-24T13:50:58","guid":{"rendered":"http:\/\/www.andreaivanovicjaksic.com\/?page_id=19"},"modified":"2021-09-09T16:27:36","modified_gmt":"2021-09-09T14:27:36","slug":"slike","status":"publish","type":"page","link":"https:\/\/www.andreaivanovicjaksic.com\/?page_id=19","title":{"rendered":"Slike \/ Paintings"},"content":{"rendered":"\n<figure class=\"wp-block-image size-large is-resized\"><img loading=\"lazy\" decoding=\"async\" src=\"https:\/\/www.andreaivanovicjaksic.com\/wp-content\/uploads\/2021\/09\/covek-je-stvaraoc-921x1024.jpg\" alt=\"\" class=\"wp-image-2030\" width=\"614\" height=\"682\" srcset=\"https:\/\/www.andreaivanovicjaksic.com\/wp-content\/uploads\/2021\/09\/covek-je-stvaraoc-921x1024.jpg 921w, https:\/\/www.andreaivanovicjaksic.com\/wp-content\/uploads\/2021\/09\/covek-je-stvaraoc-768x854.jpg 768w, https:\/\/www.andreaivanovicjaksic.com\/wp-content\/uploads\/2021\/09\/covek-je-stvaraoc-1381x1536.jpg 1381w, https:\/\/www.andreaivanovicjaksic.com\/wp-content\/uploads\/2021\/09\/covek-je-stvaraoc-270x300.jpg 270w, https:\/\/www.andreaivanovicjaksic.com\/wp-content\/uploads\/2021\/09\/covek-je-stvaraoc.jpg 1500w\" sizes=\"auto, (max-width: 614px) 100vw, 614px\" \/><\/figure>\n\n\n\n<p><strong><span class=\"has-inline-color has-medium-gray-color\">\u010cOVEK JE STVARALAC, 2012-2015, kombinovana tehnika na platnu, 183x163x9 <\/span><\/strong> <strong><span class=\"has-inline-color has-medium-gray-color\">cm<\/span><\/strong> <strong><span class=\"has-inline-color has-medium-gray-color\">MAN IS CREATOR, 2012-2015, mixedmedia on canvas, 183&#215;163 x9 cm<\/span><\/strong><\/p>\n\n\n\n<p><\/p>\n\n\n\n<figure class=\"wp-block-image size-large\"><img loading=\"lazy\" decoding=\"async\" width=\"865\" height=\"1024\" src=\"https:\/\/www.andreaivanovicjaksic.com\/wp-content\/uploads\/2021\/09\/dan-na-zemlji-865x1024.jpg\" alt=\"\" class=\"wp-image-2034\" srcset=\"https:\/\/www.andreaivanovicjaksic.com\/wp-content\/uploads\/2021\/09\/dan-na-zemlji-865x1024.jpg 865w, https:\/\/www.andreaivanovicjaksic.com\/wp-content\/uploads\/2021\/09\/dan-na-zemlji-768x909.jpg 768w, https:\/\/www.andreaivanovicjaksic.com\/wp-content\/uploads\/2021\/09\/dan-na-zemlji-1298x1536.jpg 1298w, https:\/\/www.andreaivanovicjaksic.com\/wp-content\/uploads\/2021\/09\/dan-na-zemlji-254x300.jpg 254w, https:\/\/www.andreaivanovicjaksic.com\/wp-content\/uploads\/2021\/09\/dan-na-zemlji.jpg 1500w\" sizes=\"auto, (max-width: 865px) 100vw, 865px\" \/><\/figure>\n\n\n\n<p><strong><span class=\"has-inline-color has-medium-gray-color\">DAN NA ZEMLJI \u2013 BESTEMELJNO TLO \u2013 PREOBRA\u017dAJ STVARNOSTI, 2019-2020, kombinovana tehnika na platnu, 187 \u00d7 165 \u00d7 11 cm<\/span><\/strong>                                                            <strong><span class=\"has-inline-color has-medium-gray-color\">A DAY ON EARTH \u2013 GROUNDLESS GROUND \u2013 TRANSFORMATION OF REALITY, 2019-2020, mixedmedia on canvas, 187 \u00d7 165 \u00d7 11 cm<\/span><\/strong><\/p>\n\n\n\n<figure class=\"wp-block-image size-large\"><img loading=\"lazy\" decoding=\"async\" width=\"871\" height=\"1024\" src=\"https:\/\/www.andreaivanovicjaksic.com\/wp-content\/uploads\/2021\/09\/noc-na-zemlji-871x1024.jpg\" alt=\"\" class=\"wp-image-2032\" srcset=\"https:\/\/www.andreaivanovicjaksic.com\/wp-content\/uploads\/2021\/09\/noc-na-zemlji-871x1024.jpg 871w, https:\/\/www.andreaivanovicjaksic.com\/wp-content\/uploads\/2021\/09\/noc-na-zemlji-768x903.jpg 768w, https:\/\/www.andreaivanovicjaksic.com\/wp-content\/uploads\/2021\/09\/noc-na-zemlji-1306x1536.jpg 1306w, https:\/\/www.andreaivanovicjaksic.com\/wp-content\/uploads\/2021\/09\/noc-na-zemlji-255x300.jpg 255w, https:\/\/www.andreaivanovicjaksic.com\/wp-content\/uploads\/2021\/09\/noc-na-zemlji.jpg 1500w\" sizes=\"auto, (max-width: 871px) 100vw, 871px\" \/><\/figure>\n\n\n\n<p><strong><span class=\"has-inline-color has-medium-gray-color\">NO\u0106 NA ZEMLJI \u2013 BESTEMELJNO TLO \u2013 PREOBRA\u017dAJ STVARNOSTI, 2020, kombinovana tehnika na platnu, 190 \u00d7 170 \u00d7 11 cm                                                            A NIGHT ON EARTH \u2013 GROUNDLESS GROUND \u2013 TRANSFORMATION OF REALITY, 2020, mixedmedia on canvas, 190 \u00d7 170 \u00d7 11 cm<\/span><\/strong><\/p>\n","protected":false},"excerpt":{"rendered":"<p>\u010cOVEK JE STVARALAC, 2012-2015, kombinovana tehnika na platnu, 183x163x9 cm MAN IS CREATOR, 2012-2015, mixedmedia on canvas, 183&#215;163 x9 cm DAN NA ZEMLJI \u2013 BESTEMELJNO TLO \u2013 PREOBRA\u017dAJ STVARNOSTI, 2019-2020, kombinovana tehnika na platnu, 187 \u00d7 165 \u00d7 11 cm &hellip; <a href=\"https:\/\/www.andreaivanovicjaksic.com\/?page_id=19\">\u041d\u0430\u0441\u0442\u0430\u0432\u0438\u0442\u0435 \u0441\u0430 \u0447\u0438\u0442\u0430\u045a\u0435\u043c <span class=\"meta-nav\">&rarr;<\/span><\/a><\/p>\n","protected":false},"author":1,"featured_media":0,"parent":0,"menu_order":30,"comment_status":"closed","ping_status":"closed","template":"page-templates\/front-page.php","meta":{"footnotes":""},"class_list":["post-19","page","type-page","status-publish","hentry"],"_links":{"self":[{"href":"https:\/\/www.andreaivanovicjaksic.com\/index.php?rest_route=\/wp\/v2\/pages\/19","targetHints":{"allow":["GET"]}}],"collection":[{"href":"https:\/\/www.andreaivanovicjaksic.com\/index.php?rest_route=\/wp\/v2\/pages"}],"about":[{"href":"https:\/\/www.andreaivanovicjaksic.com\/index.php?rest_route=\/wp\/v2\/types\/page"}],"author":[{"embeddable":true,"href":"https:\/\/www.andreaivanovicjaksic.com\/index.php?rest_route=\/wp\/v2\/users\/1"}],"replies":[{"embeddable":true,"href":"https:\/\/www.andreaivanovicjaksic.com\/index.php?rest_route=%2Fwp%2Fv2%2Fcomments&post=19"}],"version-history":[{"count":12,"href":"https:\/\/www.andreaivanovicjaksic.com\/index.php?rest_route=\/wp\/v2\/pages\/19\/revisions"}],"predecessor-version":[{"id":2086,"href":"https:\/\/www.andreaivanovicjaksic.com\/index.php?rest_route=\/wp\/v2\/pages\/19\/revisions\/2086"}],"wp:attachment":[{"href":"https:\/\/www.andreaivanovicjaksic.com\/index.php?rest_route=%2Fwp%2Fv2%2Fmedia&parent=19"}],"curies":[{"name":"wp","href":"https:\/\/api.w.org\/{rel}","templated":true}]}}

<figure class="wp-block-image size-large is-resized"><img loading="lazy" decoding="async" src="https://www.andreaivanovicjaksic.com/wp-content/uploads/2021/09/covek-je-stvaraoc-921x1024.jpg" alt="" class="wp-image-2030" width="614" height="682" srcset="https://www.andreaivanovicjaksic.com/wp-content/uploads/2021/09/covek-je-stvaraoc-921x1024.jpg 921w, https://www.andreaivanovicjaksic.com/wp-content/uploads/2021/09/covek-je-stvaraoc-768x854.jpg 768w, https://www.andreaivanovicjaksic.com/wp-content/uploads/2021/09/covek-je-stvaraoc-1381x1536.jpg 1381w, https://www.andreaivanovicjaksic.com/wp-content/uploads/2021/09/covek-je-stvaraoc-270x300.jpg 270w, https://www.andreaivanovicjaksic.com/wp-content/uploads/2021/09/covek-je-stvaraoc.jpg 1500w" sizes="auto, (max-width: 614px) 100vw, 614px" /></figure>



<p><strong><span class="has-inline-color has-medium-gray-color">ČOVEK JE STVARALAC, 2012-2015, kombinovana tehnika na platnu, 183x163x9 </span></strong> <strong><span class="has-inline-color has-medium-gray-color">cm</span></strong> <strong><span class="has-inline-color has-medium-gray-color">MAN IS CREATOR, 2012-2015, mixedmedia on canvas, 183&#215;163 x9 cm</span></strong></p>



<p></p>



<figure class="wp-block-image size-large"><img loading="lazy" decoding="async" width="865" height="1024" src="https://www.andreaivanovicjaksic.com/wp-content/uploads/2021/09/dan-na-zemlji-865x1024.jpg" alt="" class="wp-image-2034" srcset="https://www.andreaivanovicjaksic.com/wp-content/uploads/2021/09/dan-na-zemlji-865x1024.jpg 865w, https://www.andreaivanovicjaksic.com/wp-content/uploads/2021/09/dan-na-zemlji-768x909.jpg 768w, https://www.andreaivanovicjaksic.com/wp-content/uploads/2021/09/dan-na-zemlji-1298x1536.jpg 1298w, https://www.andreaivanovicjaksic.com/wp-content/uploads/2021/09/dan-na-zemlji-254x300.jpg 254w, https://www.andreaivanovicjaksic.com/wp-content/uploads/2021/09/dan-na-zemlji.jpg 1500w" sizes="auto, (max-width: 865px) 100vw, 865px" /></figure>



<p><strong><span class="has-inline-color has-medium-gray-color">DAN NA ZEMLJI – BESTEMELJNO TLO – PREOBRAŽAJ STVARNOSTI, 2019-2020, kombinovana tehnika na platnu, 187 × 165 × 11 cm</span></strong>                                                            <strong><span class="has-inline-color has-medium-gray-color">A DAY ON EARTH – GROUNDLESS GROUND – TRANSFORMATION OF REALITY, 2019-2020, mixedmedia on canvas, 187 × 165 × 11 cm</span></strong></p>



<figure class="wp-block-image size-large"><img loading="lazy" decoding="async" width="871" height="1024" src="https://www.andreaivanovicjaksic.com/wp-content/uploads/2021/09/noc-na-zemlji-871x1024.jpg" alt="" class="wp-image-2032" srcset="https://www.andreaivanovicjaksic.com/wp-content/uploads/2021/09/noc-na-zemlji-871x1024.jpg 871w, https://www.andreaivanovicjaksic.com/wp-content/uploads/2021/09/noc-na-zemlji-768x903.jpg 768w, https://www.andreaivanovicjaksic.com/wp-content/uploads/2021/09/noc-na-zemlji-1306x1536.jpg 1306w, https://www.andreaivanovicjaksic.com/wp-content/uploads/2021/09/noc-na-zemlji-255x300.jpg 255w, https://www.andreaivanovicjaksic.com/wp-content/uploads/2021/09/noc-na-zemlji.jpg 1500w" sizes="auto, (max-width: 871px) 100vw, 871px" /></figure>



<p><strong><span class="has-inline-color has-medium-gray-color">NOĆ NA ZEMLJI – BESTEMELJNO TLO – PREOBRAŽAJ STVARNOSTI, 2020, kombinovana tehnika na platnu, 190 × 170 × 11 cm                                                            A NIGHT ON EARTH – GROUNDLESS GROUND – TRANSFORMATION OF REALITY, 2020, mixedmedia on canvas, 190 × 170 × 11 cm</span></strong></p>

<p>ČOVEK JE STVARALAC, 2012-2015, kombinovana tehnika na platnu, 183x163x9 cm MAN IS CREATOR, 2012-2015, mixedmedia on canvas, 183&#215;163 x9 cm DAN NA ZEMLJI – BESTEMELJNO TLO – PREOBRAŽAJ STVARNOSTI, 2019-2020, kombinovana tehnika na platnu, 187 × 165 × 11 cm &hellip; <a href="https://www.andreaivanovicjaksic.com/?page_id=19">Наставите са читањем <span class="meta-nav">&rarr;</span></a></p>
