{"id":54,"date":"2014-06-22T08:53:50","date_gmt":"2014-06-22T06:53:50","guid":{"rendered":"http:\/\/www.andreaivanovicjaksic.com\/?page_id=54"},"modified":"2025-10-17T19:32:59","modified_gmt":"2025-10-17T17:32:59","slug":"biografija-biography","status":"publish","type":"page","link":"https:\/\/www.andreaivanovicjaksic.com\/?page_id=54","title":{"rendered":"Biografija \/ Biography"},"content":{"rendered":"<p><strong><em>Andrea Ivanovi\u0107 Jak\u0161i\u0107<\/em><\/strong><em>\u00a0(1979) Slavonski Brod,<\/em><\/p>\n<p><em>2005.\u00a0<\/em><em>godine diplomirala na Akademiji umetnosti u Novom Sadu, slikarski odsek, u klasi profesora Milana Blanu\u0161e. U svom radu se bavi razli\u010ditim medijima i formama vizuelnog izra\u017eavanja.\u00a0<\/em><\/p>\n<p><em>Samostalno i grupno izlagala u zemlji i inostranstvu (Japan, Ma\u0111arska, \u0160vajcarska, Austrija, Francuska). Radovi joj se nalaze u dr\u017eavnim, privatnim kolekcijama (Srbija, Gr\u010dka, Italija, \u0160vajcarska, Japan, SAD, Austrija) i <\/em><em>korporativnim kolekcijiama Philip Morris International-Ni\u0161 Art Foundation i Wiener Stadtische collection.<\/em><\/p>\n<p><strong><em>SAMOSTALNE IZLO\u017dBE :<\/em><\/strong><\/p>\n<p><em>2024 I<\/em><em>zlo\u017eba crte\u017ea objekata i slika objekata <\/em><em>\u201c<\/em><em>\u017dIVOT- \u017dIVOT IDE DALJE\u201c<\/em><\/p>\n<p><em>(u okviru manifestacije Likovna jesen) &#8211; Galerija Kulturnog centra \u201cLaza Kosti\u0107<\/em><em>\u201d, Sombor <\/em><\/p>\n<p><em>2023 Izlo<\/em><em>\u017eba slika objekata <\/em><em>\u201cSTVARALAC JE \u017dIV\u201d<\/em><em>&#8211; Galerija RIMA, Beograd<\/em><\/p>\n<p><em>2023 Izlo\u017eba crte\u017ea-objekata i slika objekata \u201cSHORT LIFE\u201d- DIT.Vienna,Austria,<\/em><\/p>\n<p><em>Izlo<\/em><em>\u017eba realizovana u saradnji galerije RIMA sa galerijom DIT.<\/em><\/p>\n<p><em>2020 <\/em><em>Izlo\u017eba s<\/em><em>lika-objekata \u201c Preobra\u017eaji prirode (I) umetnosti \u201c- Galerija RIMA, Beograd<\/em><\/p>\n<p><em>2020 <\/em><em>Izlo\u017eba s<\/em><em>lika-objekata i crte\u017ea\u201c Preobra\u017eaji prirode (I) umetnosti \u201c- Galerija RIMA, Kragujevac<\/em><\/p>\n<p><em>2019<\/em><em> Izlo\u017eba s<\/em><em>lika i objekata <\/em><em>\u201c <\/em>NE GASI UM, VOLJU, \u010cULA <em>\u201c-Muzej savremene umetnosti Vojvodine, Novi Sad<\/em><\/p>\n<p><em>2019 <\/em><em>Izlo\u017eba crte\u017ea \u201c Sve vidljivo po\u010diva na nevidljivom \u201c \u2013 Galerija Bel Art, Novi Sad<\/em><\/p>\n<p><em>2016 \u201c \u010covek je priroda \u201c izlo\u017eba slika i objekata &#8211; Savremena galerija Zrenjanin<\/em><\/p>\n<p><em>2011 Izlo\u017eba slika i objekata \u201c Voli svoju sudbinu \u201c &#8211; NOVA galerija, Beograd<\/em><\/p>\n<p><em>2011 Izlo\u017eba slika i objekata u okviru Plein art festivala &#8211; Erlin galerija, Budimpe\u0161ta, Ma\u0111arska<\/em><\/p>\n<p><em>2010 Izlo\u017eba slika \u201c Usavr\u0161avanje ve\u0161tine postojanja \u201c &#8211; Galerija Zlatno oko , Novi Sad<\/em><\/p>\n<p><em>2009 Izlo\u017eba objekata i crte\u017ea \u201c Biti \u010dovek \u201c &#8211; Arte galerija, Beograd\u00a0 <\/em><\/p>\n<p><em>2007 Izlo\u017eba objekata i crte\u017ea \u201c Otkucaji \u201d &#8211; Galerija Tableau, Novi Sad\u00a0 <\/em><\/p>\n<p><em>2005 Izlo\u017eba slika i crte\u017ea \u201d Preobra\u017eaj \u201d &#8211; Biblioteka grada Beograda, Beograd<\/em><\/p>\n<p><em>2003 Projekat \u201d Sa Trga republike \u201d &#8211; Gallery Appel, Tokio, Japan<\/em><\/p>\n<p><em>2003 Projekat \u201d Sa Trga republike \u201d &#8211; La Galerie de Artelibre Gallery cafe Sarajevo, Osaka, Japan<\/em><\/p>\n<p><em>2002 \u201c Izlo\u017eba crte\u017ea \u201d &#8211; Galerija Paleta, Kulturni centar , Beograd<\/em><\/p>\n<p><strong><em>KOLEKTIVNE IZLO\u017dBE :<\/em><\/strong><\/p>\n<p><em>2024 \u201dSnaga je trajnost jakih ose<\/em><em>\u0107anja<\/em><em>\u201d,Kulturni centar Srbije, Pariz, Francuska<\/em><\/p>\n<p><em>2024 Umetni<\/em><em>\u010dka kolonija E\u010dka \u201cUmetnost izme\u0161tanja &#8211; izme\u0161tanje umetnosti\u201c, Savremena galerija Zrenjanin, Zrenjanin<\/em><\/p>\n<p><em>2023\u00a0 \u201cGames, Planes and Soft Openings \u201c, Galerie Hilger NEXT, Be\u010d, Austrija<\/em><\/p>\n<p><em>2023 \u00a0\u201c Umetnost i papir 2023\u201c, Kulturni centar, \u010ca\u010dak<\/em><\/p>\n<p><em>2022 \u201c LIKOVNA JESEN 2022 \u201d, Kulturni centar \u201c Laza Kosti<\/em><em>\u0107 <\/em><em>\u201d, Sombor<\/em><\/p>\n<p><em>2022 \u201d IDENTITETI \u201d, Arte galerija, Beograd<\/em><\/p>\n<p><em>2022 \u201c Snaga je trajnost jakih ose\u0107anja \u201d- Galerija Bel Art, Novi Sad<\/em><\/p>\n<p><em>2015 Srbija 2015 Culture Escape: Toward a Better World &#8211; 2015 Kulturno bekstvo: Ka boljem svetu, Galerija Nest, \u017deneva, \u0160vajcarska<\/em><\/p>\n<p><em>2014 SLUTNJA,KRV,NADA: PRIMERI IZ UMETNOSTI U VOJVODINI I SRBIJI OD 1914-2014, Kunstlerhaus, Be\u010d, Austrija<\/em><\/p>\n<p><em>2014 Festival savremene umetnosti\u00a0\u201c Dunavski dijalozi \u201c paviljon\u00a0Srbije: Rado\u0161 Antonijevi\u0107, Andrea Ivanovi\u0107-Jak\u0161i\u0107, VeljkoVuja\u0107i\u0107<\/em>, <em>Vesna Perunovi\u0107<\/em><strong>\u00a0&#8211;<\/strong><em>\u00a0 kustoskinja Sun\u010dica Fenj\u010dev Lambi\u0107, Galerija Fondacija Brtka Kresoja, Petrovaradin, \u00a0Novi Sad<\/em><\/p>\n<p><em>2014 Srbija 2014 Culture Escape: Toward a Better World &#8211; Ka boljem svetu, Magacin, Beograd<\/em><\/p>\n<p><em>2014\u00a0\u201c\u00a043 Zrenjaninska umetnika \u201d Savremena galerija, Zrenjanin<\/em><\/p>\n<p><em>2014 Srbija 2014 Culture Escape: Toward a Better World &#8211; 2014 Kulturno bekstvo: Ka boljem svetu, Galerija Nest, \u017deneva, \u0160vajcarska<\/em><\/p>\n<p><em>2013 \u201c\u00a0Mladi 2013 \u201c NI\u0160 ART FOUNDATION-Galerija Philip Morris Operations a.d. Ni\u0161, Ni\u0161<\/em><\/p>\n<p><em>2013 \u201c\u00a0Feeling Japan \u201c\u00a0Galerija O3one, Beograd<\/em><\/p>\n<p><em>2012\u00a0 Bijenale \u201c Likovna jesen \u201c Galerija savremene umetnosti Gradskog muzeja, Sombor<\/em><\/p>\n<p><em>2012 \u201c\u00a0Mladi 2012 \u201c NI\u0160 ART FOUNDATION-Ni\u0161, Beograd<\/em><\/p>\n<p><em>2011\u00a0 40.Novosadski salon \u201c Energija plus \u201c &#8211; Muzej savremene umetnosti Vojvodine, Novi Sad<\/em><\/p>\n<p><em>2011 Umetni\u010dka kolonija E\u010dka-32. Susret akvarelista \u201dUmetnik kao akvarelista\u201d Savremena galerija , Zrenjanin<\/em><\/p>\n<p><em>2011 \u201c Skup II \u201c NOVA galerija, Beograd<\/em><\/p>\n<p><em>2011 IX Bijenale akvarela &#8211; Salon Narodnog muzeja Zrenjanin<\/em><\/p>\n<p><em>2011 \u201c\u00a0Mladi 2011 \u201c NI\u0160 ART FOUNDATION-Ni\u0161 , Beograd , Novi Sad<\/em><\/p>\n<p><em>2010 \u201c Pod razno \u201c NOVA galerija, Beograd<\/em><\/p>\n<p><em>2010 UMETNOST U VOJVODINI 2000-2010 &#8211; Muzej savremene umetnosti Vojvodine,\u00a0Novi Sad<\/em><\/p>\n<p><em>2010 \u201c\u00a0Mladi 2010 \u201c NI\u0160 ART FOUNDATION-Ni\u0161, Beograd, Novi Sad<\/em><\/p>\n<p><em>2009 \u00a038.Novosadski salon \u201c Mikro manevar \u201c\u00a0 GLU Poklon zbirka Rajka Mamuzi\u0107a, \u00a0Novi Sad<\/em><\/p>\n<p><em>2009 \u00a0Izlo\u017eba \u201d Mladi Olji \u201c Izlo\u017ebeni prostor Fabrike duvana Ni\u0161, u sastavu Philip Morris International , Novi Beograd<\/em><\/p>\n<p><em>2009 \u201c Mladi\u00a02009 \u201c NI\u0160 ART FOUNDATION &#8211; Ni\u0161, Beograd, Novi Sad<\/em><\/p>\n<p><em>2008 \u00a0Projekat\u00a0 \u201c Umetnost u Vojvodini danas \u201c \u00a0MSUV, Novi Sad\u00a0<\/em><\/p>\n<p><em>2008 \u201c Mladi\u00a02008 \u201c NI\u0160 ART FOUNDATION &#8211; Ni\u0161, Beograd, Novi Sad<\/em><\/p>\n<p><em>2007 \u201c Mladi Zrenjaninski umetnici \u201c &#8211; Savremena galerija, Zrenjanin<\/em><\/p>\n<p><em>2007 \u201c Mladi\u00a02007 \u201c NI\u0160 ART FOUNDATION &#8211; Galerija Matice srpske, Novi Sad<\/em><\/p>\n<p><em>2007 \u201c Mladi\u00a02007 \u201c NI\u0160 ART FOUNDATION &#8211; Izlo\u017ebeni prostor Fabrike\u00a0 duvana Ni\u0161, u sastavu Philip Morris International, Novi Beograd\u00a0<\/em><\/p>\n<p><em>2007 \u201c Mladi 2007 \u201c NI\u0160 ART FOUNDATION &#8211; Izlo\u017ebeni prostor Fabrike\u00a0 duvana Ni\u0161, u sastavu Philip Morris International, Ni\u0161<\/em><\/p>\n<p><em>2006 \u201c Mladi 2006 \u201d NI\u0160 ART FOUNDATION &#8211; Izlo\u017ebeni prostor Fabrike duvana Ni\u0161, u sastavu Philip Morris International, Novi Beograd<\/em><\/p>\n<p><em>2006 \u201c Mladi 2006 \u201d NI\u0160 ART FOUNDATION &#8211; Galerija \u00a0Srbija, Ni\u0161<\/em><\/p>\n<p><em>2006\u00a0 34.Novosadski salon \u201c Studije izvodljivosti \u201d &#8211; Izlo\u017ebeni prostor \u00a0Vojvo\u0111anske banke, Novi Sad\u00a0<\/em><\/p>\n<p><em>2005 \u201c Nagra\u0111eni studenti zavr\u0161ne godine likovnog odseka \u201d &#8211; Galerija Podrum, Novi Sad<\/em><\/p>\n<p><em>2004 \u201d Transformacija nepoznatog grada \u201d &#8211; Zrenjanin<\/em><\/p>\n<p><em>2003 \u201c Zrenjaninski studenti Akademija umetnosti \u201d &#8211; SKC, Beograd<\/em><\/p>\n<p><em>2003 \u201c XII Bijenale studentskog crte\u017ea \u201d &#8211; Dom kulture Studentski grad, Novi Beograd<\/em><\/p>\n<p><em>2003 \u00a0\u00a0\u00a0Projekat \u201d Sa Trga republike \u201d &#8211; Gallery Den, Tokio, Japan<\/em><\/p>\n<p><em>2002 \u201c U okviru predmeta likovni elementi \u201d &#8211; Spomen-zbirka Pavla Beljanskog, Novi\u00a0 Sad<\/em><\/p>\n<p><em>2002 \u201c Vin\u010danska kultura kao inspiracija \u201d &#8211; Narodni muzej, Zrenjanin<\/em><\/p>\n<p><em>2002 \u201c \u017divot , kultura kreiranja \u201d &#8211; Savremena galerija, Zrenjanin<\/em><\/p>\n<p><em>2002 \u201c XI Bijenale studentskog crte\u017ea \u201d &#8211; Dom kulture Studentski grad, Novi Beograd<\/em><\/p>\n<p><strong><em>NAGRADE:<\/em><\/strong><\/p>\n<p><em>2022 <\/em><em>Glavna nagrada \u201c LIKOVNA JESEN 2022 \u201d\u00a0<\/em><\/p>\n<p><em>2011\u00a0 I nagrada \u201d Mladi 2011 \u201d NI\u0160 ART FOUNDATION za sliku pod nazivom \u201c Vra\u010d \u201c<\/em><\/p>\n<p><em>2009\u00a0 Stimulativna nagrada \u201d Mladi 2009 \u201d NI\u0160 ART FOUNDATION za sliku pod nazivom\u00a0 \u201c Divljina \u201d i objekat \u201c Priroda utrobe \u201d<\/em><\/p>\n<p><em>2006\u00a0 III nagrada \u201d Mladi 2006 \u201d NI\u0160 ART FOUNDATION za sliku pod nazivom \u201c Izme\u0111u nade i bezna\u0111a \u201d<\/em><\/p>\n<p><em>2004 Godi\u0161nja nagrada za crte\u017e Akademije umetnosti, Univerzitet u Novom Sadu \u00a0<\/em><\/p>\n<p><em> \u00a0 \u00a0<\/em><\/p>\n<p><strong><em>U\u010de\u0161\u0107e na me\u0111unarodnim sajmovima umetnosti:<\/em><\/strong><\/p>\n<p><em>2024 SPARK Art Fair Vienna, Austria- <\/em><em>u okviru projekta Galerije RIMA <\/em><\/p>\n<p><em>2022 <\/em><em>Art Market Budapest, Ma\u0111arska\u2013 u okviru projekta Galerije Bel Art<\/em><\/p>\n<p><em>2020 <\/em><em>Viennacontemporary, Austrija &#8211; u okviru projekta Galerije RIMA<\/em><\/p>\n<p><em>2019 <\/em><em>Art Market Budapest, Ma\u0111arska &#8211; u okviru projekta Galerije Bel Art<\/em><\/p>\n<p><em>2018 Art Market Budapest, , Ma\u0111arska &#8211; u okviru projekta Galerije Bel Art<\/em><\/p>\n<p><em>2017 <\/em><em>Art Market Budapest, , Ma\u0111arska &#8211; u okviru projekta Galerije Bel Art<\/em><\/p>\n<p><em>\u00a0 \u00a0 \u00a0 \u00a0 \u00a0 \u00a0 \u00a0 \u00a0 \u00a0 \u00a0 \u00a0 \u00a0 \u00a0 \u00a0 \u00a0 \u00a0 \u00a0 \u00a0 \u00a0 \u00a0 \u00a0 \u00a0 \u00a0 \u00a0 \u00a0 \u00a0 \u00a0 \u00a0 \u00a0 \u00a0 \u00a0 \u00a0 \u00a0 \u00a0 \u00a0 \u00a0 \u00a0 \u00a0 \u00a0 \u00a0 \u00a0 \u00a0 \u00a0 \u00a0 \u00a0 \u00a0 \u00a0 \u00a0 \u00a0 \u00a0 \u00a0 \u00a0 \u00a0 \u00a0 \u00a0 \u00a0 \u00a0 \u00a0 \u00a0 \u00a0 \u00a0 \u00a0 \u00a0<\/em><\/p>\n<hr style=\"height: 1px; color: #ff0000; border: 1px solid #CCCCCC;\" noshade=\"noshade\" size=\"1\" \/>\n<p><strong><em>Andrea Ivanovi\u0107 Jaksi\u0107<\/em><\/strong><em>, born in 1979, in Slavonski Brod,<\/em><\/p>\n<p><em>Graduated from the Academy of Arts in Novi Sad, Department of Painting &#8211; the class of Professor Milan Blanu\u0161a, in 2005. In her work, deals with a variety of media and different forms of visual expression.<\/em><\/p>\n<p><em>She has presented her works in solo and group exhibitions in the country and abroad (Japan, Hungary, Switzerland, Austria, France). Her works can be found in private collections(Serbia, Greece, Italy, Switzerland, Japan, USA, Austria) and \u00a0the corporate collections of Philip Morris International Nis Art Foundation and <\/em><em>Wiener Stadtische collection.<\/em><\/p>\n<p><strong><em>SOLO EXHIBITIONS:<\/em><\/strong><\/p>\n<p><em>2024 The Exhibition of drawings objects and paintings objects \u201dLIFE-LIFE GOES ON\u201d, Cultural Center &#8222;Laza Kostic&#8220;, Sombor, Serbia<\/em><\/p>\n<p><em>2023\u00a0The Exhibition of paintings-objects \u201dTHE CREATOR IS ALIVE\u201d Gallery<\/em>\u00a0<em>RIMA,\u00a0Belgrade, Serbia<\/em><\/p>\n<p><em>2023<\/em><em> The Exhibition of drawings-objects and paintings-objects\u00a0\u201cSHORT LIFE\u201d, presented by Gallery RIMA in Gallery DIT.Vienna, Austria,<\/em><\/p>\n<p><em>2020 <\/em><em>The Exhibition of paintings-objects <\/em><em>and <\/em><em>drawings<\/em><em> \u201c<\/em> <em>TRANSFORMATIONS OF NATURE (AND) ART <\/em><em>\u201c<\/em> <em>Gallery<\/em> <em>RIMA<\/em><em>, <\/em><em>Kragujevac, <\/em><em>Serbia<\/em><\/p>\n<p><em>2020 <\/em><em>The Exhibition of paintings-objects <\/em><em>\u201c<\/em> <em>TRANSFORMATIONS OF NATURE (AND) ART <\/em><em>\u201c<\/em> <em>Gallery<\/em> <em>RIMA,<\/em><em> Belgrade, Serbia<\/em><\/p>\n<p><em>2019<b> <\/b> \u201d Do not smother the mind, the will, the senses \u201c, exhibition of paintings and objects, Museum of Contemporary Art Vojvodina, Novi Sad<\/em><\/p>\n<p><em>2019 <\/em><em>The Exhibition of drawings <\/em><em>\u201d<\/em><em>All the visible rests on the invisible<\/em><em>\u201d-Bel Art Gallery,Novi Sad <\/em><em>Serbia<\/em><\/p>\n<p><em>2016 \u201c Man is Nature \u201d, exhibition of paintings and objects &#8211; Contemporary Gallery Zrenjanin, Serbia<\/em><\/p>\n<p><em>2011 The Exhibition of paintings and objects &#8220; Love your destiny &#8220; &#8211; NOVA Gallery, Belgrade, Serbia<\/em><\/p>\n<p><em>2011 The Exhibition of paintings and objects within the Plein Art Festival &#8211; Erlin Gallery, Budapest, Hungary<\/em><\/p>\n<p><em>2010 The Exhibition of paintings &#8220; Mastering the skills of existence &#8220; Gallery Golden Eye, Novi Sad, Serbia<\/em><\/p>\n<p><em>2009 The Exhibition of objects and drawings &#8220; Being a human &#8220; &#8211; Arte Gallery, Belgrade, Serbia<\/em><\/p>\n<p><em>2007 The Exhibition of objects and drawings &#8220; Beats &#8220; &#8211; Tableau Gallery, Novi Sad, Serbia<\/em><\/p>\n<p><em>2005 The Exhibition of Paintings and Drawings &#8220; Metamorphosis &#8220; &#8211; Belgrade City Library, Belgrade, \u00a0Serbia<\/em><\/p>\n<p><em>2003 The project &#8220; From the\u00a0 Republic Square &#8220; &#8211; Appel Gallery, Tokyo, Japan<\/em><\/p>\n<p><em>2003 The project &#8220; From the \u00a0Republic Square &#8220; &#8211; La Galerie de Artelibre Gallery Cafe Sarajevo, Osaka, Japan<\/em><\/p>\n<p><em>2002 &#8220; Drawings &#8220; &#8211; Palette Gallery, Cultural Center, Belgrade, Serbia<\/em><\/p>\n<p><strong><em>GROUP EXHIBITIONS:<\/em><\/strong><\/p>\n<p><em>2024 STRENGTH IS THE DURABILITY OF DEEP FEELINGS, Cultural Center of Serbia, Paris, France<\/em><\/p>\n<p><em>2024 Art Colony E\u010dka, The art of displacement &#8211; displacement of art, Contemporary Gallery Zrenjanin, Zrenjanin, Serbia<\/em><\/p>\n<p><em>2023 \u201cGames, Planes and Soft Openings \u201c, Galerie Hilger NEXT, Wien, Austria<\/em><\/p>\n<p><em>2023 \u201cArt and paper 2023\u201d, Cultural Center, \u010ca\u010dak, Serbia<\/em><\/p>\n<p><em>2022 &#8222;ART AUTUMN 2022&#8220;, Cultural Center &#8222;Laza Kostic&#8220;, Sombor, Serbia <\/em><\/p>\n<p><em>2022 &#8220; IDENTITIES \u201c, Arte Gallery, Belgrade, Serbia<\/em><\/p>\n<p><em>2022 \u201c Strenght is the durability of deep feelings \u201d-<\/em> <em>Bel Art Gallery,Novi Sad,Serbia<\/em><\/p>\n<p><em>2015 Serbian Culture 2015 Escape: Towards a Better World, Nest Gallery, Geneva, Switzerland<\/em><\/p>\n<p><em>2014 PREMONTION,BLOOD,HOPE: ART IN VOJVODINA AND SERBIA 1914-2014, Kunstlerhaus, Vienna, Austria<\/em><\/p>\n<p><em>2014 Festival of Contemporary Art &#8220; Danube Dialogues &#8220; Pavilion of Serbia: Rado\u0161 Antonijevi\u0107, Andrea Ivanovi\u0107Jak\u0161i\u0107, VeljkoVuja\u0107i\u0107, Vesna Perunovi\u0107 &#8211; curator Sun\u010dica Fenj\u010dev Lambi\u0107 Gallery Foundation Brtka Kresoja, Petrovaradin, Novi Sad, Serbia<\/em><\/p>\n<p><em>2014 Serbian Culture 2014 Escape: Toward a Better World, Warehouse, Belgrade, Serbia<\/em><\/p>\n<p><em>2014 &#8220; 43 Artists from Zrenjanin \u201d Contemporary Gallery, Zrenjanin, \u00a0Serbia<\/em><\/p>\n<p><em>2014 Serbian Culture 2014 Escape: Towards a Better World, Nest Gallery, Geneva, Switzerland<\/em><\/p>\n<p><em>2013 &#8220; The Young 2013 &#8220; Nis Art Foundation, Philip Morris Operations Gallery, Ni\u0161, Serbia<\/em><\/p>\n<p><em>2013 &#8220; Feeling Japan &#8220; O3one Gallery, Belgrade, Serbia<\/em><\/p>\n<p><em>2012 Biennial &#8220; Autumn of art &#8220; Gallery of Modern Art of the City Museum, Sombor, Serbia<\/em><\/p>\n<p><em>2012 &#8220; The Young 2012 &#8220; NIS ART FOUNDATION &#8211; Ni\u0161, Belgrade, Serbia<\/em><\/p>\n<p><em>2011 The 40<sup>th<\/sup>\u00a0Novosadski salon &#8220; Energy Plus &#8220; &#8211; The Museum of Contemporary Art of Vojvodina, Novi Sad, \u00a0Serbia<\/em><\/p>\n<p><em>2011 Art Colony E\u010dka-the 32<sup>nd<\/sup>\u00a0gathering of watercolourists &#8220; An Artist as a watercolorist &#8220; Contemporary Gallery, Zrenjanin, Serbia<\/em><\/p>\n<p><em>2011 &#8220; The second Gathering \u201d &#8211; NOVA Gallery, Belgrade, \u00a0Serbia<\/em><\/p>\n<p><em>2011 \u201c The 9<sup>th<\/sup>\u00a0\u00a0Biennial of Watercolour \u201d &#8211; Salon of the National Museum of Zrenjanin, Serbia<\/em><\/p>\n<p><em>2011 &#8220; The Young 2011&#8243; NIS ART FOUNDATION-Ni\u0161, Belgrade, Novi Sad, Serbia<\/em><\/p>\n<p><em>2010 &#8220; Miscellaneous &#8220; NOVA Gallery, Belgrade, \u00a0Serbia<\/em><\/p>\n<p><em>2010 Art in Vojvodina from 2000 to 2010 &#8211; The Museum of Contemporary Art of Vojvodina, Novi Sad, \u00a0Serbia<\/em><\/p>\n<p><em>2010 &#8220; The Young 2010 &#8220; NIS ART FOUNDATION &#8211; Ni\u0161, Belgrade, Novi Sad, \u00a0Serbia<\/em><\/p>\n<p><em>2009 The 38<sup>th<\/sup>\u00a0Novosadski salon &#8220; Micro maneuver &#8220; GLU Gift Collection of Rajko Mamuzi\u0107, Novi Sad, Serbia<\/em><\/p>\n<p><em>2009 The exhibition &#8220; The Young \u00a0to Olja &#8220; exhibit space Nis Tobacco Factory, an affiliate of Philip Morris International, Novi Beograd, Serbia<\/em><\/p>\n<p><em>2009 \u00a0&#8220; The Young 2009 &#8220; NIS ART FOUNDATION &#8211; Ni\u0161, Belgrade, Novi Sad, \u00a0Serbia<\/em><\/p>\n<p><em>2008 \u00a0The Project &#8220; Art in Vojvodina Nowadays &#8220; MSUV, Novi Sad, Serbia<\/em><\/p>\n<p><em>2008 \u00a0&#8220; The Young 2008 &#8220; NIS ART FOUNDATION &#8211; Ni\u0161, Belgrade, Novi Sad, Serbia<\/em><\/p>\n<p><em>2007 \u00a0&#8220; Young artists from Zrenjanin \u201d &#8211; Contemporary Gallery, Zrenjanin, Serbia<\/em><\/p>\n<p><em>2007 \u00a0&#8220; The Young 2007 &#8220; Nis Art Foundation &#8211; Gallery of Matica Srpska, Novi Sad, Serbia<\/em><\/p>\n<p><em>2007 \u00a0&#8220; The Young 2007 &#8220; Nis Art Foundation &#8211; The Exhibit space of Nis Tobacco Factory, an affiliate of Philip Morris International, Novi Beograd, Serbia<\/em><\/p>\n<p><em>2007 \u00a0&#8220; The Young 2007 &#8220; Nis Art Foundation &#8211; The Exhibit space of Nis Tobacco Factory, an affiliate of Philip Morris International , Ni\u0161, \u00a0Serbia<\/em><\/p>\n<p><em>2006 \u00a0&#8220; The Young 2006 &#8220; Nis Art Foundation \u2013 The Exhibit space of Nis Tobacco Factory, an affiliate of Philip Morris International, Novi Beograd, \u00a0Serbia<\/em><\/p>\n<p><em>2006 \u00a0&#8220; The Young 2006 &#8220; Nis Art Foundation &#8211; Gallery of Serbia Ni\u0161, Serbia<\/em><\/p>\n<p><em>2006 The 34<sup>th<\/sup>\u00a0Novosadski salon &#8220; Feasibility Study &#8220; \u2013 The exhibit space of Vojvo\u0111anske Bank, Novi Sad, Serbia<\/em><\/p>\n<p><em>2005 &#8220; Awarded Department of Art Graduate Students \u201d &#8211; Basement Gallery, Novi Sad, Serbia<\/em><\/p>\n<p><em>2004 &#8220; The Transformation of an Unknown City &#8220; \u2013 Zrenjanin, Serbia<\/em><\/p>\n<p><em>2003 &#8220; Academy of Arts -The Students from Zrenjanin &#8220; &#8211; SKC, Belgrade, Serbia<\/em><\/p>\n<p><em>2003 &#8220; The 12<sup>th<\/sup>\u00a0Biennial XII Student Drawings&#8220; &#8211; Dom kulture Studentski grad, Novi Beograd, Serbia<\/em><\/p>\n<p><em>2003 \u00a0The project &#8220; From the Republic Square &#8220; &#8211; Den Gallery, Tokyo, Japan<\/em><\/p>\n<p><em>2002 &#8220; Visual Elements in the Course &#8220; &#8211; The Memorial Collection of Pavle Beljanski, Novi Sad, Serbia<\/em><\/p>\n<p><em>2002 &#8220; Vinca culture as an inspiration &#8220; &#8211; The \u00a0National Museum of Zrenjanin, Serbia<\/em><\/p>\n<p><em>2002 &#8220; Life, the Culture of Creation &#8220; &#8211; Contemporary Gallery, Zrenjanin, Serbia<\/em><\/p>\n<p><em>2002 &#8220; The 11<sup>th<\/sup>\u00a0Biennial of student drawings &#8220; &#8211; Dom kulture Studentski grad, Novi Beograd, Serbia<\/em><\/p>\n<p><strong><em>AWARDS:<\/em><\/strong><\/p>\n<p><em>2022 Main prize \u201d ART AUTUMN 2022 \u201d<\/em><\/p>\n<p><em>2011 The first prize &#8220; The Young 2011 &#8220; NIS ART FOUNDATION for a painting entitled &#8220; Medicine man &#8222;<\/em><\/p>\n<p><em>2009 The encouragement award &#8220; The Young 2009 &#8220; NIS ART FOUNDATION for a painting entitled &#8220; Wilderness &#8220; and an object &#8220; The Nature of the Womb<\/em><\/p>\n<p><em>2006 The third prize &#8220; The Young 2006 &#8220; NIS ART FOUNDATION for a painting entitled &#8220; Between Hope and Hopelessness\u00a0&#8222;<\/em><\/p>\n<p><em>2004 Academy of Arts Annual Award for Drawing, University of Novi Sad<\/em><\/p>\n<p><strong><em>Participation in international art fairs:<\/em><\/strong><\/p>\n<p><em>2024 SPARK Art Fair Vienna, Austria-<\/em><em> as part of the RIMA Gallery project<\/em><\/p>\n<p><em>2022<\/em> <em>Art Market Budapest, Hungary \u2013 as part of the Bel Art Gallery project<\/em><\/p>\n<p><em>2020 Viennacontemporary, Austria &#8211; as part of the RIMA Gallery project<\/em><\/p>\n<p><em>2019 Art Market Budapest, Hungary &#8211; as part of the Bel Art Gallery project<\/em><\/p>\n<p><em>2018 Art Market Budapest, Hungary &#8211; as part of Bel Art Gallery project<\/em><\/p>\n<p><em>2017 Art Market Budapest, Hungary &#8211; as part of the Bel Art Gallery project<\/em><\/p>\n<p><em>\u00a0<\/em><\/p>\n<p><em>\u00a0<\/em><\/p>\n<p><em>\u00a0 \u00a0 \u00a0 \u00a0 \u00a0 \u00a0 \u00a0 \u00a0 \u00a0 \u00a0 \u00a0 \u00a0 \u00a0 \u00a0 \u00a0 \u00a0 \u00a0 \u00a0 \u00a0 \u00a0 \u00a0 \u00a0 \u00a0 \u00a0 \u00a0 \u00a0 \u00a0 \u00a0 \u00a0 \u00a0 \u00a0 \u00a0 \u00a0 \u00a0 \u00a0 \u00a0 \u00a0 \u00a0 \u00a0 \u00a0 \u00a0 \u00a0 \u00a0 \u00a0 \u00a0 \u00a0 \u00a0 \u00a0 \u00a0 \u00a0 \u00a0 \u00a0 \u00a0 \u00a0 \u00a0 \u00a0 \u00a0 \u00a0 \u00a0 \u00a0 \u00a0 \u00a0 \u00a0 \u00a0 \u00a0 \u00a0 \u00a0 \u00a0 \u00a0 \u00a0 \u00a0 \u00a0 \u00a0 \u00a0 \u00a0 \u00a0 \u00a0 \u00a0 \u00a0 \u00a0 \u00a0 \u00a0 \u00a0 \u00a0 \u00a0 \u00a0 \u00a0 \u00a0 \u00a0 \u00a0\u00a0\u00a0\u00a0\u00a0\u00a0\u00a0\u00a0\u00a0\u00a0\u00a0\u00a0\u00a0\u00a0\u00a0\u00a0\u00a0\u00a0\u00a0\u00a0\u00a0\u00a0\u00a0\u00a0\u00a0\u00a0\u00a0\u00a0\u00a0\u00a0\u00a0\u00a0\u00a0\u00a0\u00a0\u00a0\u00a0\u00a0\u00a0\u00a0\u00a0\u00a0\u00a0\u00a0\u00a0\u00a0\u00a0<\/em><\/p>\n<p><strong><em>\u00a0<\/em><\/strong><\/p>\n<p><em>\u00a0<\/em><\/p>\n<p><em>\u00a0<\/em><\/p>\n<p><em>\u00a0<\/em><\/p>\n<p><em>\u00a0 \u00a0 \u00a0 \u00a0 \u00a0 \u00a0 \u00a0 \u00a0 \u00a0 \u00a0 \u00a0 \u00a0 \u00a0 \u00a0 \u00a0 \u00a0 \u00a0 \u00a0 \u00a0 \u00a0 \u00a0 \u00a0 \u00a0 \u00a0 \u00a0 \u00a0 \u00a0 \u00a0 \u00a0 \u00a0 \u00a0 \u00a0 \u00a0 \u00a0 \u00a0 \u00a0 \u00a0 \u00a0 \u00a0 \u00a0 \u00a0 \u00a0 \u00a0 \u00a0 \u00a0 \u00a0 \u00a0 \u00a0 \u00a0 \u00a0 \u00a0 \u00a0 \u00a0 \u00a0 \u00a0 \u00a0 \u00a0 \u00a0 \u00a0 \u00a0 \u00a0 \u00a0 \u00a0 \u00a0 \u00a0 \u00a0 \u00a0 \u00a0 \u00a0 \u00a0 \u00a0 \u00a0 \u00a0 \u00a0 \u00a0 \u00a0 \u00a0 \u00a0 \u00a0 \u00a0 \u00a0 \u00a0 \u00a0 \u00a0 \u00a0 \u00a0 \u00a0 \u00a0 \u00a0 \u00a0\u00a0\u00a0\u00a0\u00a0\u00a0\u00a0\u00a0\u00a0\u00a0\u00a0\u00a0\u00a0\u00a0\u00a0\u00a0\u00a0\u00a0\u00a0\u00a0\u00a0\u00a0\u00a0\u00a0\u00a0\u00a0\u00a0\u00a0\u00a0\u00a0\u00a0\u00a0\u00a0\u00a0\u00a0\u00a0\u00a0\u00a0\u00a0\u00a0\u00a0\u00a0\u00a0\u00a0\u00a0\u00a0\u00a0<\/em><\/p>\n<p><strong><em>\u00a0<\/em><\/strong><\/p>\n","protected":false},"excerpt":{"rendered":"<p>Andrea Ivanovi\u0107 Jak\u0161i\u0107\u00a0(1979) Slavonski Brod, 2005.\u00a0godine diplomirala na Akademiji umetnosti u Novom Sadu, slikarski odsek, u klasi profesora Milana Blanu\u0161e. U svom radu se bavi razli\u010ditim medijima i formama vizuelnog izra\u017eavanja.\u00a0 Samostalno i grupno izlagala u zemlji i inostranstvu (Japan, &hellip; <a href=\"https:\/\/www.andreaivanovicjaksic.com\/?page_id=54\">\u041d\u0430\u0441\u0442\u0430\u0432\u0438\u0442\u0435 \u0441\u0430 \u0447\u0438\u0442\u0430\u045a\u0435\u043c <span class=\"meta-nav\">&rarr;<\/span><\/a><\/p>\n","protected":false},"author":1,"featured_media":0,"parent":0,"menu_order":10,"comment_status":"closed","ping_status":"closed","template":"","meta":{"footnotes":""},"class_list":["post-54","page","type-page","status-publish","hentry"],"_links":{"self":[{"href":"https:\/\/www.andreaivanovicjaksic.com\/index.php?rest_route=\/wp\/v2\/pages\/54","targetHints":{"allow":["GET"]}}],"collection":[{"href":"https:\/\/www.andreaivanovicjaksic.com\/index.php?rest_route=\/wp\/v2\/pages"}],"about":[{"href":"https:\/\/www.andreaivanovicjaksic.com\/index.php?rest_route=\/wp\/v2\/types\/page"}],"author":[{"embeddable":true,"href":"https:\/\/www.andreaivanovicjaksic.com\/index.php?rest_route=\/wp\/v2\/users\/1"}],"replies":[{"embeddable":true,"href":"https:\/\/www.andreaivanovicjaksic.com\/index.php?rest_route=%2Fwp%2Fv2%2Fcomments&post=54"}],"version-history":[{"count":89,"href":"https:\/\/www.andreaivanovicjaksic.com\/index.php?rest_route=\/wp\/v2\/pages\/54\/revisions"}],"predecessor-version":[{"id":2184,"href":"https:\/\/www.andreaivanovicjaksic.com\/index.php?rest_route=\/wp\/v2\/pages\/54\/revisions\/2184"}],"wp:attachment":[{"href":"https:\/\/www.andreaivanovicjaksic.com\/index.php?rest_route=%2Fwp%2Fv2%2Fmedia&parent=54"}],"curies":[{"name":"wp","href":"https:\/\/api.w.org\/{rel}","templated":true}]}}